s divided by p.
65
Let r(v) = 2*v**2 + 3*v. Let n be r(-2). Let u(h) = 0 + 86*h**2 - 2 + n - 1 - 3*h. Calculate the remainder when u(-1) is divided by 18.
16
Let i = 3084 + -2991. Calculate the remainder when i is divided by (3/(-2) + -2 + 4)*18.
3
Let x(p) = -21*p**3 + 2*p**2 - p - 2. Let u(g) = -g**3 + 16*g**2 - 32*g + 7. What is the remainder when u(13) is divided by x(-1)?
10
Let w(a) = -a**3 - 11*a**2 - 2*a - 9. Suppose -5*p + 3*l - 2*l = -1164, 3*p = -5*l + 704. Calculate the remainder when p is divided by w(-11).
12
Let q(a) = 57*a - 305 - 41*a + 91. Calculate the remainder when q(30) is divided by 54.
50
Let i = 1045 - 1040. What is the remainder when 78 is divided by i?
3
Calculate the remainder when ((-3234)/(-308))/(5/190) is divided by 87.
51
Calculate the remainder when (-9 - 2) + (-1612)/(-26) is divided by (0 - (-2)/2)*13.
12
Calculate the remainder when (-18)/(-162) + 2213/9 is divided by 9.
3
Suppose 5 + 74 = -s. Let l = 79 + s. Suppose 2*d - 7*d + 50 = l. What is the remainder when 49 is divided by d?
9
Let y be 633/(-12) - (-15)/(-60). What is the remainder when 124 is divided by (-10)/8*(-1 + y + 2)?
59
What is the remainder when 1352 - 2 - 702/(-78) is divided by 85?
84
Calculate the remainder when (4/20 - (-740)/(-100))/(10/(-11675)) is divided by 58.
54
Let r(v) = v**2 + 3*v - 15. Suppose 2 = 8*i - 6. Let g = -8 + i. What is the remainder when 23 is divided by r(g)?
10
What is the remainder when 251 is divided by 124/2 + 23 + -26?
15
Let v = 102249 + -102236. Calculate the remainder when 549/(-6)*(-2)/3 is divided by v.
9
Suppose -198*h + 337*h - 17097 = 0. Let d(m) = m**3 - 4*m**2 + 6*m - 1. What is the remainder when h is divided by d(4)?
8
Let q(k) = -144*k + 4691. What is the remainder when q(26) is divided by 49?
16
Let a be (-40)/(-12) - 8/6. Let y = -22 + a. Calculate the remainder when 7*(-5)/(-4) + (-5)/y is divided by 9.
0
Suppose 94 + 158 = 6*t. Suppose d = -20 + 9. Let w = 26 + d. Calculate the remainder when t is divided by w.
12
Suppose -2*o - 3*u + 371 = 0, -o + 727 = 3*o + u. Let k = -155 + o. Calculate the remainder when 99 is divided by k.
21
Let l = 109 + -98. Suppose -6*a - l = -71. Suppose -a*k + 20*k - 1000 = 0. Calculate the remainder when k is divided by 15.
10
Let t(q) = 6*q + 4. Let d be t(7). Suppose 2*x + 2 = d. What is the remainder when 83 is divided by x?
17
Suppose 3*t = -l + 10717 + 541, 2*t = -3*l + 7496. What is the remainder when t is divided by 19?
11
Let b(s) = -5*s + 0*s**2 - 20 - 6*s + s**2 + 4. Let f = -9 - -36. What is the remainder when f is divided by b(13)?
7
Suppose -74*a + 45*a - 211*a = -84480. What is the remainder when a is divided by 38?
10
Suppose g + 1 = 0, -2*g + 15 = 2*w - 5*g. Suppose b = w + 1. Suppose -95 = -9*v + 4*v. Calculate the remainder when v is divided by b.
5
Suppose 5*a - 103*h - 1715 = -104*h, -a - h + 339 = 0. What is the remainder when a is divided by 104?
32
What is the remainder when 3458 is divided by (1 - -17) + (569 - 567)?
18
Let t = 20 + -14. Suppose -u = -t*u + 175. Calculate the remainder when u is divided by 9.
8
Let i(o) = 2*o**2 - 5*o - 6. Suppose 4*c = 3*r - 79, -r - 23 = 5*c - 5. Calculate the remainder when i(6) is divided by r.
2
Let w(i) = -11*i - 15 + 9 - 10*i - 37. What is the remainder when w(-5) is divided by 1 - (-20)/((-2)/(-2))?
20
Suppose 4*n = -5*f + 7*f - 4946, 5*f - n = 12428. Calculate the remainder when f is divided by 417.
402
Let c(s) = s**3 - 44*s**2 + 199*s + 112. What is the remainder when c(39) is divided by (24/(-10))/((-16)/200)?
28
Let i(m) = -92*m**3 + 3*m**2 + 338*m + 336. What is the remainder when 451 is divided by i(-1)?
79
Let p be 1/(((-4)/33)/(-4)). Suppose -o = -10 - p. Suppose -o = -3*b + 11. Calculate the remainder when 35 is divided by b.
17
Let r = 1999 - 1936. Calculate the remainder when 187 is divided by r.
61
Suppose 7413 = 39*f + 3268 - 7243. Calculate the remainder when 599 is divided by f.
15
Let m be (3/(-4) - (-3)/(-12))*-1. Suppose 5*b + 2*j = 90, -b + 3*j = -0*b - m. Suppose -236 = 2*f - 6*f. Calculate the remainder when f is divided by b.
11
Suppose -7*y = -y - 300. Let d(v) = -v**2 - 8*v + 6. Let g be d(-8). Calculate the remainder when (y/(-4))/(-5)*g is divided by 9.
6
Let n(b) = 10*b**2 + 160*b - 42. What is the remainder when 789 is divided by n(4)?
31
Suppose 5616 = 3*u - 3*b, 74*u - 5*b = 77*u - 5584. What is the remainder when u is divided by 170?
168
Let m = -4450 - -4673. What is the remainder when 507 is divided by m?
61
Suppose -4*z - 27*c + 59244 = -31*c, 0 = 2*z + c - 29613. What is the remainder when z is divided by 7?
3
Suppose 0 = f - 48 + 1. What is the remainder when 5403 is divided by f?
45
Let j(s) = 442*s**3 - 3*s**2 - s + 3. Calculate the remainder when j(1) is divided by 106.
17
Suppose 2*r - 18 + 2 = 0. Calculate the remainder when 74 is divided by r/28 + 276/14.
14
Suppose -i - 333 = -d, -3*i = 2*d - 286 - 390. What is the remainder when d is divided by 42?
41
What is the remainder when (-18)/(-10)*365/3 + 2 is divided by 63?
32
Suppose 0 = 14*x - 81*x + 47838. Calculate the remainder when x is divided by 11.
10
Suppose 16*r - 112*r + 272 - 80 = 0. What is the remainder when 348 is divided by r?
0
Let q(x) = -x**3 + 10*x**2 - 7*x - 1. Let f be (5/(5/9))/3. Calculate the remainder when q(f) is divided by 9.
5
Suppose -4*n + 3924 = 6*z, 2*n + z - 1441 - 525 = 0. What is the remainder when n is divided by 25?
9
Suppose -2928*l = -2961*l + 15081. What is the remainder when l is divided by 134?
55
Let z = -273 + 282. Suppose 0*k + 16 = 4*k. Suppose -k*d = -4*o + 152, 96 = 3*o - o + 2*d. Calculate the remainder when o is divided by z.
7
Suppose 0 = 9*o - 68 - 337. Let l = o - 18. Let p = -16 + l. What is the remainder when p is divided by 5?
1
Suppose -n + 67 = -3*h, -138 = 2*n - 4*n + 2*h. What is the remainder when ((-1602)/(-8) - 1) + (26 - (-101)/(-4)) is divided by n?
60
Suppose 326 = 2*d + 2*g, -22*d = -13*d + 2*g - 1446. Suppose -96 = 2*b - 4*b. What is the remainder when d is divided by b?
16
Let b be 14/(-175) + (-77)/(-25). Suppose -b*q - 1 = -115. What is the remainder when 75 is divided by q?
37
Let k = 588 - 567. What is the remainder when 785 is divided by k?
8
Suppose 32*i - 25*i = 203. Suppose -1200 = 11*h - 3*h. Let q = 293 + h. What is the remainder when q is divided by i?
27
Suppose 571*t + 181*t - 2734 = 12306. Suppose -o + 277 = -r + 4*r, 4*r + 4*o - 356 = 0. What is the remainder when r is divided by t?
14
Let b(k) = k**3 - 30*k**2 + 109*k + 67. What is the remainder when 407 is divided by b(26)?
13
Suppose -3*y + m = -5409, 2*y = 7*y + 5*m - 8975. Calculate the remainder when y is divided by 450.
1
Let p(b) = b**3 - 5*b**2 - b + 17. Let g be p(6). Suppose -g - 181 = -6*i. Calculate the remainder when i is divided by 8.
6
Let q(o) = -o**3 + 5*o**2 + 16*o - 3. Suppose -3*b + 54*b = 1020. Calculate the remainder when b is divided by q(7).
9
Let u(y) = 6*y**2 + 4*y + 4. What is the remainder when 12 is divided by u(-1)?
0
Suppose -17*z + 13519 = -6*z. Let t = z + -876. Suppose -4*m + 55 + t = 0. What is the remainder when m is divided by 53?
49
What is the remainder when 2128 is divided by (-9 - 4) + 26 + (8 - 6)?
13
Let g = -1335 + 1950. Calculate the remainder when g is divided by 46.
17
Suppose 80*m - 168 = 81*m. Let x = m + 283. What is the remainder when x is divided by 35?
10
Suppose 3*l = -3*i + 15, 0*i - 4*i + 4*l = 4. Let z = 60 - 57. Suppose s - z*s + 52 = i*g, -g = -4. Calculate the remainder when s is divided by 12.
10
Suppose 0 = -72*s + 82*s - 50. Suppose 7*d - 122 = s*d. What is the remainder when 304 is divided by d?
60
Suppose s - 5*y - 211 = -206, -5*y + 85 = 2*s. What is the remainder when 119 is divided by s?
29
Let q(t) = 22*t**2 - 530*t + 529. Let s(x) = x**2 + 4*x - 1. Calculate the remainder when s(5) is divided by q(1).
2
Suppose 32 + 34 = 3*z. Let a(s) = -4*s**3 - 2*s**2 - s + 11. Suppose -3*d = -7*d - 16. Calculate the remainder when a(d) is divided by z.
19
Let w = -163 - -202. Suppose -303 = -11*o - w. Calculate the remainder when 41 is divided by o.
17
Suppose 0*b + 2*b = 14. Suppose 5*f = s - 216, -246 = -s - 12*f + 7*f. Suppose -16*j + 23*j = s. What is the remainder when j is divided by b?
5
Suppose 3557*c - 71 =